f (-3044)/(-28) + m/o?
0
Let z(c) = 14*c**3 - 10*c**2 - 24*c + 20. Let w(f) = -5*f**3 + 3*f**2 + 8*f - 7. Let v(o) = -11*w(o) - 4*z(o). What is the tens digit of v(-6)?
1
Let t(n) = 2*n**2 + 3*n. Suppose 0 = -3*d - 6. Let r be t(d). Suppose -5*k + 0*k = -r*z - 377, -4*k - z + 299 = 0. What is the tens digit of k?
7
Let h be ((-7)/((-105)/12))/(2/(-225)). Let g = 114 - h. What is the units digit of g?
4
Let h be ((-26)/4 + 6)*0. Let b(g) = -15*g + 490. What is the hundreds digit of b(h)?
4
Suppose -12*q + 30 = -17*q. Let k(o) = -26*o - 3. Let u(f) = -27*f - 4. Let g(r) = q*k(r) + 5*u(r). What is the tens digit of g(1)?
1
Let t = -4145 + 6748. What is the units digit of t?
3
Suppose 0 = 2*d + 78 + 2018. Let f = -383 - d. What is the units digit of f?
5
Let y be 5*8/5 - -12. Suppose -3*u + 56 = -4*m + 1, -3*u = -15. Let j = y - m. What is the units digit of j?
0
Let h(z) = 5*z - 4. Suppose -2*b + 0*b + 124 = -3*y, -y + 4*b - 58 = 0. Let n = 42 + y. What is the tens digit of h(n)?
1
Suppose 4*k = 2*l + 44, 0 = -4*k - 4*l - 11 + 79. Suppose -8*f = -k*f + 2005. What is the hundreds digit of f?
4
Let s(z) = 131*z**2 - 4. Suppose 19*m - 32 = 6. What is the tens digit of s(m)?
2
Suppose 20 = -5*s, f = -s - 195 - 88. What is the tens digit of (-15)/((-177)/f + (-2)/3)?
6
Suppose 888 = 21*w + 3*w. Suppose 52*g = w*g + 7590. What is the units digit of g?
6
Let h(m) = 48*m + 1331. What is the tens digit of h(32)?
6
Let c(x) = -11*x**3 - 199*x**2 - 89*x - 30. What is the ten thousands digit of c(-21)?
1
Let t(b) = -93*b**2 + 6. Let m be t(-1). Let n = -133 - -425. Let w = n + m. What is the tens digit of w?
0
Suppose 73*f - 74*f = -894. Suppose f = 4*w - 2*b - 622, b - 382 = -w. What is the tens digit of w?
8
Let s be (-9 - -6)/(4/40*-6). Suppose s*u + k = 4*k + 3250, 4*u = -2*k + 2622. What is the tens digit of u?
5
Let p = 568 + 407. Let y(f) = -2*f - 3. Let s be y(-3). What is the units digit of (p/(-10))/s*-2?
5
Suppose 0 = 5*x - 2*c - 0*c + 77, 2*x = -4*c - 26. Let h = 34 + x. Let v = h - -21. What is the units digit of v?
0
Let o = 19406 + -10622. What is the hundreds digit of o?
7
Suppose -20*r + 633 = -36407. What is the thousands digit of r?
1
Let r be 1*(21/(-3) - 3) - 0. Let d = r + -12. What is the hundreds digit of (-4)/66*3 - 3326/d?
1
Suppose 8 = 4*a - t - 0*t, 0 = -2*t + 8. Suppose w = w + a*w. What is the units digit of (24 - 22) + 37 + w/2?
9
Let a be -261 + 5/(-1) - -2. Let m = a - -326. What is the units digit of m?
2
Suppose 3*i + 5*g = 0, -2*i = g - 4*g. Suppose 8*l + 4*j = 6*l - 12, i = -3*l - 2*j + 2. Suppose -20 = -l*c + 92. What is the units digit of c?
8
Suppose -4*s + 5*v = -155348, 48*s - 2*v = 47*s + 38831. What is the hundreds digit of s?
8
Let g = -43 + 45. Suppose -5*l + 19 = -3*f, -2*l = -g*f - l - 8. What is the units digit of f/((36/(-260))/3)?
5
Suppose 6*q = 555 - 531. Let d(o) = 11*o**3 - 22*o + 2. What is the units digit of d(q)?
8
Suppose 90*h - 113*h = 15544 - 102691. What is the hundreds digit of h?
7
Suppose w - 6*w + 10 = 0. Suppose d - 4*t = -t + 100, -4*t - 500 = -5*d. Suppose -4*r = 3*i - d - 25, 3*i = w*r + 149. What is the tens digit of i?
4
Let h(s) = 2*s**3 - 41*s**2 + 7*s - 46. Let f be h(19). What is the tens digit of (-36)/(-27)*f/(-8)?
6
Let v = 81 + -81. Suppose v = g + 2*g + 15. What is the units digit of 1042/14 + g + (-39)/(-7)?
5
Let i = 65 + -61. Suppose -5*q + p = 22, 10 - 2 = i*p. Let j(c) = -c**3 - 2*c**2 + 3*c - 5. What is the units digit of j(q)?
5
Let k be (-14)/(-49) - 898/7. Suppose 3*t + z + 152 = 0, -t + 6*t + 268 = 2*z. Let q = t - k. What is the units digit of q?
6
Suppose -4*t = -2*u - 86540, t + 6*u = 4*u + 21620. What is the units digit of t?
2
What is the tens digit of (40103/238*(-4)/3)/((-4)/1170)?
1
Let j be 6/(-4*6) - 33/(-4). Suppose -l - 408 = 5*y - j*y, -5*l = 3*y - 408. Suppose -42*u + 46*u = y. What is the units digit of u?
4
Let j(z) = -z**2 + z + 36. Let f be j(0). Suppose 0 = -6*q + 2*q - f. Let l(w) = -2*w - 9. What is the units digit of l(q)?
9
Let i be (3/(-6))/((-2)/20). Suppose -5*b - 5 = -i*p, -b + 9 = 4*p - 0. Let w(n) = 44*n - 1. What is the units digit of w(b)?
3
Let r(n) = -n**3 - 68*n**2 - 464*n - 315. What is the tens digit of r(-61)?
4
Let p(d) = d**3 - 4*d**2 - 10*d - 4. Let n be p(6). Let s(r) = -r**3 - n*r**2 - 13*r - 5*r**2 - 25 + 4*r**2. What is the units digit of s(-10)?
5
Let l be 3 + (-4)/(-6)*(-6)/(-4). Let h be (72/40 - 3)/(l/(-10)). Suppose -g - h*g + 1143 = -5*i, 5*i - 25 = 0. What is the tens digit of g?
9
Suppose 9*j = -2*j + 55. Let k be j/(-10) + (-33)/(-6). Suppose -5*z + 0*z = -3*f - 819, -4*z - k*f = -633. What is the tens digit of z?
6
Let a(d) = d**3 - 7*d**2 - 9. Let t be a(7). Let l(u) be the third derivative of -5*u**4/24 + u**3/6 - 21*u**2. What is the units digit of l(t)?
6
Suppose -291*r = -95*r - 1084664. What is the hundreds digit of r?
5
Suppose 49963 = 80*a - 240917. What is the units digit of a?
6
Let d be (-4)/4*14 + 0. What is the units digit of (-35)/d*(4 + 56)?
0
What is the thousands digit of (-15)/90*(-3 + -45255)?
7
Let c(s) = 4*s + 5. Let q be c(-5). Let h = 15 + q. What is the tens digit of 0/2 - (h + (6 - 18))?
1
Let d be -9*8/24 + (12 - 1). Let p(j) = j**3 - 6*j**2 - 6*j + 9. What is the units digit of p(d)?
9
Let p(x) = 2. Let g(d) = -6*d + 71. Let f(v) = g(v) + 3*p(v). What is the hundreds digit of f(-6)?
1
Let o = 199 - 205. Let n(x) be the second derivative of -x**5/20 - x**4/2 - 7*x**3/6 - 2*x**2 + 12*x. What is the units digit of n(o)?
8
What is the thousands digit of 1048670/90 - -9 - 2/(-18)?
1
Let y be 42741/(-36) - 3/(-12). Let d = 1701 + y. What is the tens digit of d?
1
Suppose 42*u = 16*u + 78. Suppose 3*l = 5*l, d = u*l + 504. What is the tens digit of d?
0
Suppose 0 = 212*x - 3745242 - 4013013 + 448071. What is the thousands digit of x?
4
Let p = 1257 + -1023. Let f(v) = 12*v + 2. Let u be f(-3). Let n = p - u. What is the hundreds digit of n?
2
Let j be ((-4)/5)/((-68)/340). Suppose j*o = -3*k + 349, -4*k + 3*o = 33 - 465. What is the units digit of k?
1
Let k be 8 - 5*(-15)/(-25). Let z be (2/(-3))/(k/15). What is the units digit of z - -65 - (0 - -2)?
1
Let p(x) = -7*x**2 + 37*x + 30. Let s(j) = 13*j**2 - 71*j - 60. Let q(k) = -7*p(k) - 3*s(k). What is the hundreds digit of q(10)?
5
Suppose -282 = -0*z - z + 3*q, 1084 = 4*z - q. Let a = 318 + z. What is the units digit of a?
8
Let m(l) = 82*l**2 - 15*l + 60. What is the units digit of m(5)?
5
Let w(o) = -4*o**3 + 8*o**2 - 2*o - 20. Let u(q) = 7*q**3 - 16*q**2 + 4*q + 38. Let b(x) = -3*u(x) - 5*w(x). What is the tens digit of b(7)?
2
Suppose 12 = 5*u + 3*b, 4*u = 2*u + b - 4. Suppose -4*t + 274 = k - u*k, -4*t = 2*k - 548. Suppose 10*q = -54 + k. What is the tens digit of q?
2
Suppose -b + 15*f = 14*f - 7374, -2*b - 2*f + 14740 = 0. What is the thousands digit of b?
7
Suppose 2 = m + 3*x - 2, -12 = -2*m - 4*x. Suppose q - m = -1. What is the units digit of q?
9
Suppose 18*l - 2*l + 9760 = 0. Let b = l + 970. What is the units digit of b?
0
What is the thousands digit of 3/(-5) + (-778980)/(-50)?
5
Let x(u) = 5*u - 29. Let k be (-1)/((1/21)/((-2)/6)). Let w be x(k). What is the units digit of (51*(-12)/9)/((-2)/w)?
4
Let u = 53 - 40. Suppose 16*j = u*j - 6027. What is the units digit of (j/41)/((-1)/5 - 0)?
5
Let q(l) = -l. Let f = 29 - 27. Let r be q(f). Let m(j) = 3*j**2 - 1. What is the units digit of m(r)?
1
Let k = -4920 - -11491. What is the tens digit of k?
7
Suppose -33*m = -292 - 38. What is the hundreds digit of (-2184)/(-5) + 12/m?
4
Suppose 0 = 24*p - 130 - 158. Suppose -4*x + 10 = -2*q, 3*x = -q + 8 + p. What is the units digit of x?
5
Let w(a) = -a**2 + 13*a + 5. Let i(f) = 2*f - 8. Let c be i(5). Suppose n = -c*n + 27. What is the tens digit of w(n)?
4
Let i be (36/(-21))/(10/(-35)). Suppose 3*b = -i*b + 27. Suppose -4*d - 11 = 4*g - 63, -11 = -2*d + b*g. What is the units digit of d?
0
Let x(m) = -3*m**2 - 21*m + 19. Let b be x(-8). Let i(v) = -284*v - 83. What is the hundreds digit of i(b)?
3
Let y = -17928 + 82932. What is the tens digit of y?
0
Let m(q) = -3*q**3 - 2*q**2 - 4*q + 139. What is the units digit of m(-6)?
9
Let t = 61 - 68. What is the units digit of (t + 1)*53/(-2)?
9
Suppose -4*l + v + 13 = 0, -6 = -3*l - 3*v 